 Let x be u(m). Suppose 12*g - 14*g = -x. What is the units digit of g?
0
Suppose -279*x + 585831 = -1323351 + 98472. What is the tens digit of x?
9
Suppose 3*o - 3*m - m = 33, 2*o - 23 = 3*m. Suppose 514 = 2*n - 5*a, -5*n - 8*a + o*a = -1312. What is the hundreds digit of n?
2
Let g = 102 - 71. Let t(c) = -c**2 + 38*c + 21. What is the tens digit of t(g)?
3
Let k(d) = -39*d**3 + 3*d**2 + d + 7. Let n = -266 - -263. What is the thousands digit of k(n)?
1
Let p(y) = 450*y + 2916. What is the units digit of p(0)?
6
Let h = -67967 - -103542. What is the units digit of h?
5
Let p = -43 + 48. Suppose 0*k = p*k - 75. Let b(o) = 2*o**2 - 19*o - 33. What is the hundreds digit of b(k)?
1
Suppose 16865 = -8*o + 111921. What is the ten thousands digit of o?
1
Let h(z) = -z**2 + 198*z**3 - 197*z**3 + 159 + 0*z**2 - 2*z. Let i be h(0). What is the tens digit of 10/45 - -2*i/27?
1
Let d be 0 + -11 + 7 - 1. What is the units digit of (-298 - -10)*d/4?
0
Suppose 0*c + 3 = 3*c. Let j be 5 - (2 + 2 - (c - -1)). Suppose 3*g = -g - 2*f + 44, j*g = f + 43. What is the tens digit of g?
1
Let m(s) = -44*s**3 + s**2 + 92*s + 124. What is the hundreds digit of m(-13)?
7
Let k = 192426 - 116969. What is the ten thousands digit of k?
7
Let w(x) = 16*x**2 + 0 - 14*x + 13 - 12*x**2 - 3*x**2. Suppose 3*k - g + 6*g - 27 = 0, k = -g + 11. What is the tens digit of w(k)?
1
Suppose -4*v + 3*w - 2*w = -1984, w = v - 493. Suppose 0 = 5*l + 4*c - 1977 + v, 277 = l - 3*c. What is the hundreds digit of l?
2
Suppose -n + 23 = 4*u, 9*u - 8 = 4*n + 5*u. Suppose f + 2169 = 2*d + 28858, 66715 = -5*d + 4*f. What is the tens digit of d/(-99) - ((-6)/11)/n?
3
Let u(z) = -36*z**3 - 2*z**2 + 9*z - 5. Let i be u(2). Suppose 3*n + 18 = -3*w - 36, 4*w + 96 = 2*n. Let k = w - i. What is the hundreds digit of k?
2
Suppose 0 = -4*o - y + 15, -9*o + 4*y + 3 = -4*o. What is the tens digit of o/(2/(-3376)*-8)?
3
Let s(f) = -f + 1. Let q be s(1). Suppose w - 1 = q, 0 = 2*m - 5*m + w - 1. Suppose -x = -y - 71, 3*x = -m*x - 5*y + 197. What is the tens digit of x?
6
What is the hundreds digit of ((-3684)/(-10))/(8/1680*9)?
5
Let h be (-133)/(-42) - (3 + (-17)/6). Suppose -h*a - 2244 = -7*a - 2*b, -3*a + 1683 = 5*b. What is the hundreds digit of a?
5
Let z(t) = -27 - 11*t - 5*t**2 - 2*t**2 + 4*t**2. Let f be z(-11). Let y = -134 - f. What is the tens digit of y?
3
Suppose 3*p - 20*p = -38199. What is the units digit of p?
7
Let d = -1112 - -334. Let q = 1169 + d. What is the hundreds digit of q?
3
Suppose -5*v + 45 = 5*s, 7*v - 3*v - 8 = 3*s. Let j = -1 + 1. Suppose j = -v*h + 95 + 110. What is the tens digit of h?
4
Let h = -36 - -44. Suppose 0 = l - h*l - 28. What is the units digit of (-1 - l)*141/27*3?
7
Let l(b) = 10*b**3 + 24*b**2 + 66*b + 39. What is the units digit of l(12)?
7
Let y = -11 - -17. Suppose 4 = y*x - 326. Suppose 2*s + b = 80, -s + x = 4*b + 1. What is the units digit of s?
8
Let s(f) = 143*f**3 + 4*f**2 + 5*f + 5. Let i be s(-2). What is the tens digit of (-3)/5 - i/5?
2
What is the hundreds digit of (4120/15)/((-38)/(-2508))?
1
Let j = -27293 - -52315. What is the tens digit of j?
2
Suppose o + 5*r - 14244 = 0, -505*o + 507*o - r - 28499 = 0. What is the hundreds digit of o?
2
Let b = 80007 + -38082. What is the tens digit of b?
2
Let b(d) = -d**3 - 7*d**2 - 64*d - 302. What is the hundreds digit of b(-21)?
2
Suppose -514884 = -106*z - 369803 + 1585051. What is the ten thousands digit of z?
1
What is the ten thousands digit of 76/(-32 - -13) + 33626?
3
Let b(m) = 5*m**2 - 116*m + 29. Let o be b(23). Suppose -2*r - 164 = -7*w + o*w, -5*w = -5*r - 810. What is the tens digit of w?
6
Let i(d) = 14*d**3 - 64*d**2 + 177*d - 30. What is the tens digit of i(14)?
2
Suppose 9*q - 82567 - 75419 = -65277. What is the hundreds digit of q?
3
Let g(x) = -x**2 - 336*x + 2250. What is the units digit of g(-91)?
5
Let t(g) = 2*g + 12. Let q be t(-4). Suppose q*m = -2*a + a + 229, a - 3*m - 229 = 0. What is the hundreds digit of a?
2
Let v(w) = 2*w**2 + 34*w + 78. Let x be v(-15). What is the units digit of 10599/x - ((-5)/6)/5?
9
Suppose -283*a + 29356 = -279*a. What is the units digit of a?
9
Let j be (-15 + -1289)*(-1)/2. Suppose -4*t + 392 + j = 0. Suppose 2*b - 4*o - t - 121 = 0, 3*b - 523 = -4*o. What is the units digit of b?
1
Let t be (9/5 + -2)/((-22)/770). Suppose -t*h = -8*h + 89. What is the tens digit of h?
8
Let a be (84/66)/(-7) + (-1483)/11. Let b = a + 583. What is the units digit of b?
8
Let y = 208 - 247. Suppose -2*o - 600 = 3*o. Let h = y - o. What is the units digit of h?
1
Let z(h) = -257*h + 1840. What is the units digit of z(-44)?
8
Let s = -57 + 62. Let t = 70 + s. Suppose -g + 13 = -t. What is the tens digit of g?
8
Let d(a) = a**3 + a**2 + 21*a + 22. Let c(u) = 2*u**3 + u**2 + 22*u + 23. Let i(b) = 4*c(b) - 5*d(b). What is the hundreds digit of i(6)?
4
Suppose 701897 - 3897 = 7*c + 18*c. What is the hundreds digit of c?
9
What is the thousands digit of 4/15 + (-62)/93 + 40112/5?
8
Let f be 10/55 - 26/22. Let t be 1 - (-4 + (-99)/f). Let o = -14 - t. What is the tens digit of o?
8
Suppose -13*n + 15*n = -44. Let s = 25 + n. Suppose s*m = 61 - 16. What is the units digit of m?
5
Let v(t) be the first derivative of -4 - 7/2*t**2 - 48*t. What is the tens digit of v(-16)?
6
Let z(j) = 5*j + 52. Let x(b) = 2*b**2 + 10*b. Let q be x(-5). Suppose -9*w + 6*w - 21 = q. What is the tens digit of z(w)?
1
Let o(m) be the third derivative of -37*m**4/24 + 2*m**3 + 14*m**2 - 2*m. What is the tens digit of o(-48)?
8
Suppose -4*l + 5114 - 266 = 4*t, -4*l + 4823 = -t. What is the thousands digit of l?
1
Let x(g) = 662*g - 1226. What is the tens digit of x(9)?
3
Let u = -13874 - -32359. What is the tens digit of u?
8
Let x(b) = -143*b - 34. Let y(q) = -71*q - 18. Let t(c) = 2*x(c) - 5*y(c). What is the hundreds digit of t(2)?
1
Let h be -3 + (0 - (3 + 41)) - -1. Let s = 49 - h. What is the tens digit of s?
9
Suppose -4*w = -z + 19, -w + 4*z = -5*w - 4. Let r(q) = -q**2 + 12*q + 73. Let c be r(16). What is the units digit of w/(c/(1665/(-10)))?
4
Let y be (18 + -13)*(-4)/10. Let x be 215 - (3 - y - (3 + -1)). Suppose m - 3*m = -x. What is the hundreds digit of m?
1
Let d(y) be the second derivative of 31*y**4/6 + y**3/3 + 3*y**2/2 + 131*y. What is the tens digit of d(-1)?
6
Let c = 23714 + -9173. What is the tens digit of c?
4
Suppose 0 = 4*b, i - 75 = -2*i + 2*b. Suppose -5 = 4*v - i. Suppose 0 = -v*k + 8*k - 111. What is the units digit of k?
7
Let a be -8 + -3 + (1 - 0). Let w be ((-6)/4)/((-3)/a). Let i = w + 56. What is the tens digit of i?
5
Suppose 3*a - 5*l - 106477 = 0, 4*a - 4*l - 86480 - 55468 = 0. What is the units digit of a?
9
Let k = 181 + -260. Let v = -79 - k. Suppose -69*c + 67*c + 72 = v. What is the tens digit of c?
3
Let s(n) = -n**2 - 26*n + 92. Let f be s(-29). Suppose f*i - 1485 = -4*m, -3*i - 2*m = 2*m - 899. What is the units digit of i?
3
Let k = 13697 - 7244. What is the tens digit of k?
5
Let v be (16/28)/(((-10)/(-21))/5). Suppose -v*g + 5*g + 712 = 0. What is the units digit of g?
2
Let v = -89 - -291. Let i be (v/3)/(10/45). Suppose 57 = 5*o - i. What is the tens digit of o?
7
Suppose -2002 = -24*n - 2*n. Suppose -n*k + 7810 = -55*k. What is the hundreds digit of k?
3
Let n be 23/(-207) + 92/18. Suppose -93 = -n*j + 337. What is the tens digit of j?
8
Suppose 7*d + 1 = 1. Suppose d = -5*x + 14 + 6. Suppose x*c - 288 - 156 = 0. What is the units digit of c?
1
What is the units digit of (392/20)/(((-11)/1430)/((-21)/3))?
6
Let y be 5/((-6)/(48/(-20))). Suppose -5*z + 18 = -y*b, 3*z = 5*b + 3 + 23. Suppose 445 = -z*t + 7*t. What is the units digit of t?
9
Suppose 0 = a + s - 5239, 0 = 2*a - 4*s + 3*s - 10469. What is the hundreds digit of a?
2
Let i(y) be the second derivative of -y**5/20 + 25*y**4/12 + 35*y**3/6 + 31*y**2/2 + 54*y. What is the hundreds digit of i(25)?
9
Let v(m) = -11*m - 25. Let n be v(-5). What is the units digit of (-51 - -61)*(n - 1)?
0
Let x = 6360 + 6212. What is the units digit of x?
2
Let u = 2697 - 1889. What is the tens digit of u?
0
Suppose -c = -3*c - 8. Let i(n) be the first derivative of -n**4/2 - 2*n**3 - n**2 + 5*n - 327. What is the units digit of i(c)?
5
Let f = 102 + -97. Suppose 366 = 4*o + o - p, f*o + 5*p = 390. What is